{"id":1079,"date":"2021-04-02T22:09:54","date_gmt":"2021-04-03T01:09:54","guid":{"rendered":"http:\/\/www.mauritex.com.br\/?page_id=1079"},"modified":"2021-04-02T22:22:08","modified_gmt":"2021-04-03T01:22:08","slug":"preservativo-sex-free","status":"publish","type":"page","link":"http:\/\/www.mauritex.com.br\/index.php\/preservativo-sex-free\/","title":{"rendered":"Preservativo &#8211; Sex Free"},"content":{"rendered":"\t\t<div data-elementor-type=\"wp-page\" data-elementor-id=\"1079\" class=\"elementor elementor-1079\">\n\t\t\t\t\t\t<section class=\"elementor-section elementor-top-section elementor-element elementor-element-7a5e0d2f elementor-section-boxed elementor-section-height-default elementor-section-height-default\" data-id=\"7a5e0d2f\" data-element_type=\"section\" data-e-type=\"section\">\n\t\t\t\t\t\t<div class=\"elementor-container elementor-column-gap-default\">\n\t\t\t\t\t<div class=\"elementor-column elementor-col-100 elementor-top-column elementor-element elementor-element-20965156\" data-id=\"20965156\" data-element_type=\"column\" data-e-type=\"column\">\n\t\t\t<div class=\"elementor-widget-wrap elementor-element-populated\">\n\t\t\t\t\t\t<div class=\"elementor-element elementor-element-7e362cb3 elementor-widget elementor-widget-text-editor\" data-id=\"7e362cb3\" data-element_type=\"widget\" data-e-type=\"widget\" data-widget_type=\"text-editor.default\">\n\t\t\t\t<div class=\"elementor-widget-container\">\n\t\t\t\t\t\t\t\t\t<p><strong>Preservativo Sex Free <\/strong><\/p><p><strong><em>Funciona como m\u00e9todo contraceptivo, al\u00e9m de prevenir contra doen\u00e7as que podem ser transmitidas pelo contato sexual, proporcionando desta forma total seguran\u00e7a.<\/em><\/strong><\/p><p><strong><em>N\u00e3o mancha a roupa de cama;<\/em><\/strong><\/p><p><strong><em>Com tarja de venda proibida para distribui\u00e7\u00e3o gratuita aos clientes.<\/em><\/strong><\/p><ul><li>Embalagem individual: 01 unidade (embalados individualmente)<\/li><li>Caixa com 144 unidades.<\/li><\/ul>\t\t\t\t\t\t\t\t<\/div>\n\t\t\t\t<\/div>\n\t\t\t\t\t<\/div>\n\t\t<\/div>\n\t\t\t\t<div class=\"elementor-column elementor-col-100 elementor-top-column elementor-element elementor-element-5fe13309\" data-id=\"5fe13309\" data-element_type=\"column\" data-e-type=\"column\">\n\t\t\t<div class=\"elementor-widget-wrap elementor-element-populated\">\n\t\t\t\t\t\t<div class=\"elementor-element elementor-element-68946038 elementor-widget elementor-widget-image\" data-id=\"68946038\" data-element_type=\"widget\" data-e-type=\"widget\" data-widget_type=\"image.default\">\n\t\t\t\t<div class=\"elementor-widget-container\">\n\t\t\t\t\t\t\t\t\t\t\t\t\t\t\t<img fetchpriority=\"high\" decoding=\"async\" width=\"500\" height=\"400\" src=\"http:\/\/www.mauritex.com.br\/wp-content\/uploads\/2021\/04\/Preservativo-Sex-500x400.jpg\" class=\"attachment-bizberg_gallery size-bizberg_gallery wp-image-1087\" alt=\"\" srcset=\"http:\/\/www.mauritex.com.br\/wp-content\/uploads\/2021\/04\/Preservativo-Sex.jpg 500w, http:\/\/www.mauritex.com.br\/wp-content\/uploads\/2021\/04\/Preservativo-Sex-300x240.jpg 300w\" sizes=\"(max-width: 500px) 100vw, 500px\" \/>\t\t\t\t\t\t\t\t\t\t\t\t\t\t\t<\/div>\n\t\t\t\t<\/div>\n\t\t\t\t<div class=\"elementor-element elementor-element-3fb1a7c5 elementor-align-center elementor-widget elementor-widget-button\" data-id=\"3fb1a7c5\" data-element_type=\"widget\" data-e-type=\"widget\" data-widget_type=\"button.default\">\n\t\t\t\t<div class=\"elementor-widget-container\">\n\t\t\t\t\t\t\t\t\t<div class=\"elementor-button-wrapper\">\n\t\t\t\t\t<a class=\"elementor-button elementor-button-link elementor-size-xs\" href=\"http:\/\/www.mauritex.com.br\/index.php\/preservativos-gel\/\">\n\t\t\t\t\t\t<span class=\"elementor-button-content-wrapper\">\n\t\t\t\t\t\t\t\t\t<span class=\"elementor-button-text\">Voltar<\/span>\n\t\t\t\t\t<\/span>\n\t\t\t\t\t<\/a>\n\t\t\t\t<\/div>\n\t\t\t\t\t\t\t\t<\/div>\n\t\t\t\t<\/div>\n\t\t\t\t\t<\/div>\n\t\t<\/div>\n\t\t\t\t\t<\/div>\n\t\t<\/section>\n\t\t\t\t<section class=\"elementor-section elementor-top-section elementor-element elementor-element-665b0bf2 elementor-section-boxed elementor-section-height-default elementor-section-height-default\" data-id=\"665b0bf2\" data-element_type=\"section\" data-e-type=\"section\">\n\t\t\t\t\t\t<div class=\"elementor-container elementor-column-gap-default\">\n\t\t\t\t\t\t<\/div>\n\t\t<\/section>\n\t\t\t\t<\/div>\n\t\t","protected":false},"excerpt":{"rendered":"<p>Preservativo Sex Free Funciona como m\u00e9todo contraceptivo, al\u00e9m de prevenir contra doen\u00e7as que podem ser transmitidas pelo contato sexual, proporcionando desta forma total seguran\u00e7a. N\u00e3o mancha a roupa de cama; Com tarja de venda proibida para distribui\u00e7\u00e3o gratuita aos clientes. Embalagem individual: 01 unidade (embalados individualmente) Caixa com 144 unidades. Voltar<\/p>\n","protected":false},"author":1,"featured_media":0,"parent":0,"menu_order":0,"comment_status":"closed","ping_status":"closed","template":"","meta":{"ngg_post_thumbnail":0,"footnotes":""},"class_list":["post-1079","page","type-page","status-publish","hentry"],"_links":{"self":[{"href":"http:\/\/www.mauritex.com.br\/index.php\/wp-json\/wp\/v2\/pages\/1079","targetHints":{"allow":["GET"]}}],"collection":[{"href":"http:\/\/www.mauritex.com.br\/index.php\/wp-json\/wp\/v2\/pages"}],"about":[{"href":"http:\/\/www.mauritex.com.br\/index.php\/wp-json\/wp\/v2\/types\/page"}],"author":[{"embeddable":true,"href":"http:\/\/www.mauritex.com.br\/index.php\/wp-json\/wp\/v2\/users\/1"}],"replies":[{"embeddable":true,"href":"http:\/\/www.mauritex.com.br\/index.php\/wp-json\/wp\/v2\/comments?post=1079"}],"version-history":[{"count":4,"href":"http:\/\/www.mauritex.com.br\/index.php\/wp-json\/wp\/v2\/pages\/1079\/revisions"}],"predecessor-version":[{"id":1090,"href":"http:\/\/www.mauritex.com.br\/index.php\/wp-json\/wp\/v2\/pages\/1079\/revisions\/1090"}],"wp:attachment":[{"href":"http:\/\/www.mauritex.com.br\/index.php\/wp-json\/wp\/v2\/media?parent=1079"}],"curies":[{"name":"wp","href":"https:\/\/api.w.org\/{rel}","templated":true}]}}